{"id":3951,"date":"2022-01-24T18:57:29","date_gmt":"2022-01-24T18:57:29","guid":{"rendered":"http:\/\/31.217.193.156\/~hsolutio\/blog\/?page_id=3951"},"modified":"2022-03-11T13:44:08","modified_gmt":"2022-03-11T13:44:08","slug":"smart-finance","status":"publish","type":"page","link":"http:\/\/31.217.193.156\/~hsolutio\/blog\/smart-finance\/","title":{"rendered":"Smart Finance"},"content":{"rendered":"\t\t<div data-elementor-type=\"wp-page\" data-elementor-id=\"3951\" class=\"elementor elementor-3951\" data-elementor-post-type=\"page\">\n\t\t\t\t\t\t<section class=\"elementor-section elementor-top-section elementor-element elementor-element-61cafb5 elementor-section-full_width elementor-section-height-min-height elementor-section-stretched elementor-section-height-default elementor-section-items-middle\" data-id=\"61cafb5\" data-element_type=\"section\" data-e-type=\"section\" data-settings=\"{&quot;stretch_section&quot;:&quot;section-stretched&quot;,&quot;background_background&quot;:&quot;classic&quot;}\">\n\t\t\t\t\t\t\t<div class=\"elementor-background-overlay\"><\/div>\n\t\t\t\t\t\t\t<div class=\"elementor-container elementor-column-gap-default\">\n\t\t\t\t\t<div class=\"elementor-column elementor-col-100 elementor-top-column elementor-element elementor-element-05c2d0b\" data-id=\"05c2d0b\" data-element_type=\"column\" data-e-type=\"column\">\n\t\t\t<div class=\"elementor-widget-wrap elementor-element-populated\">\n\t\t\t\t\t\t<div class=\"elementor-element elementor-element-117a8bb animated-slow elementor-invisible elementor-widget elementor-widget-heading\" data-id=\"117a8bb\" data-element_type=\"widget\" data-e-type=\"widget\" data-settings=\"{&quot;_animation&quot;:&quot;fadeIn&quot;}\" data-widget_type=\"heading.default\">\n\t\t\t\t<div class=\"elementor-widget-container\">\n\t\t\t\t\t<h2 class=\"elementor-heading-title elementor-size-default\">Smart Finance<\/h2>\t\t\t\t<\/div>\n\t\t\t\t<\/div>\n\t\t\t\t\t<\/div>\n\t\t<\/div>\n\t\t\t\t\t<\/div>\n\t\t<\/section>\n\t\t\t\t<section class=\"elementor-section elementor-top-section elementor-element elementor-element-4759898 elementor-section-stretched elementor-section-boxed elementor-section-height-default elementor-section-height-default\" data-id=\"4759898\" data-element_type=\"section\" data-e-type=\"section\" data-settings=\"{&quot;stretch_section&quot;:&quot;section-stretched&quot;,&quot;background_background&quot;:&quot;classic&quot;}\">\n\t\t\t\t\t\t<div class=\"elementor-container elementor-column-gap-default\">\n\t\t\t\t\t<div class=\"elementor-column elementor-col-100 elementor-top-column elementor-element elementor-element-db79a95\" data-id=\"db79a95\" data-element_type=\"column\" data-e-type=\"column\">\n\t\t\t<div class=\"elementor-widget-wrap elementor-element-populated\">\n\t\t\t\t\t\t<div class=\"elementor-element elementor-element-45f9cd8e elementor-widget elementor-widget-text-editor\" data-id=\"45f9cd8e\" data-element_type=\"widget\" data-e-type=\"widget\" data-widget_type=\"text-editor.default\">\n\t\t\t\t<div class=\"elementor-widget-container\">\n\t\t\t\t\t\t\t\t\t<p>Tuotamme talouden ohjauksen pilvipalvelu ratkaisuiden Bizview ja CCH Tagetik k\u00e4ytt\u00f6\u00f6nottoprojekteja<br \/>sek\u00e4 jatkuvia yll\u00e4pito, tuki ja kehityspalveluja asiakkaidemme talous- ja liiketoiminta yksik\u00f6ille;<br \/>&#8211; suunnitteluun ja budjetointiin (SMART PLANNING)<br \/>&#8211; konsernilaskentaan ja kausitilinp\u00e4\u00e4t\u00f6ksen tuottamiseen (SMART FINANCIAL CLOSING)<br \/>&#8211; viranomaisraportointiin (REGULATION)<\/p>\t\t\t\t\t\t\t\t<\/div>\n\t\t\t\t<\/div>\n\t\t\t\t\t<\/div>\n\t\t<\/div>\n\t\t\t\t\t<\/div>\n\t\t<\/section>\n\t\t\t\t<section class=\"elementor-section elementor-top-section elementor-element elementor-element-9679ff7 elementor-section-stretched elementor-section-boxed elementor-section-height-default elementor-section-height-default\" data-id=\"9679ff7\" data-element_type=\"section\" data-e-type=\"section\" data-settings=\"{&quot;stretch_section&quot;:&quot;section-stretched&quot;,&quot;background_background&quot;:&quot;classic&quot;}\">\n\t\t\t\t\t\t<div class=\"elementor-container elementor-column-gap-default\">\n\t\t\t\t\t<div class=\"elementor-column elementor-col-33 elementor-top-column elementor-element elementor-element-d644765\" data-id=\"d644765\" data-element_type=\"column\" data-e-type=\"column\">\n\t\t\t<div class=\"elementor-widget-wrap elementor-element-populated\">\n\t\t\t\t\t\t<div class=\"elementor-element elementor-element-1cfb318d elementor-cta--skin-cover elementor-animated-content elementor-bg-transform elementor-bg-transform-zoom-in elementor-widget elementor-widget-call-to-action\" data-id=\"1cfb318d\" data-element_type=\"widget\" data-e-type=\"widget\" data-widget_type=\"call-to-action.default\">\n\t\t\t\t<div class=\"elementor-widget-container\">\n\t\t\t\t\t\t\t<div class=\"elementor-cta\">\n\t\t\t\t\t<div class=\"elementor-cta__bg-wrapper\">\n\t\t\t\t<div class=\"elementor-cta__bg elementor-bg\" style=\"background-image: url(http:\/\/31.217.193.156\/~hsolutio\/blog\/wp-content\/uploads\/2021\/12\/Modern_abstract_blue_transparent_crystal_pattern_background-1024x512.jpg);\" role=\"img\" aria-label=\"Modern_abstract_blue_transparent_crystal_pattern_background\"><\/div>\n\t\t\t\t<div class=\"elementor-cta__bg-overlay\"><\/div>\n\t\t\t<\/div>\n\t\t\t\t\t\t\t<div class=\"elementor-cta__content\">\n\t\t\t\t\n\t\t\t\t\t\t\t\t\t<h2 class=\"elementor-cta__title elementor-cta__content-item elementor-content-item elementor-animated-item--grow\">\n\t\t\t\t\t\tSmart Planning\t\t\t\t\t<\/h2>\n\t\t\t\t\n\t\t\t\t\n\t\t\t\t\t\t\t\t\t<div class=\"elementor-cta__button-wrapper elementor-cta__content-item elementor-content-item elementor-animated-item--grow\">\n\t\t\t\t\t<a class=\"elementor-cta__button elementor-button elementor-size-\" href=\"http:\/\/31.217.193.156\/~hsolutio\/blog\/smart-planning\">\n\t\t\t\t\t\tLUE LIS\u00c4\u00c4\t\t\t\t\t<\/a>\n\t\t\t\t\t<\/div>\n\t\t\t\t\t\t\t<\/div>\n\t\t\t\t\t\t<\/div>\n\t\t\t\t\t\t<\/div>\n\t\t\t\t<\/div>\n\t\t\t\t\t<\/div>\n\t\t<\/div>\n\t\t\t\t<div class=\"elementor-column elementor-col-33 elementor-top-column elementor-element elementor-element-5a315c3\" data-id=\"5a315c3\" data-element_type=\"column\" data-e-type=\"column\">\n\t\t\t<div class=\"elementor-widget-wrap elementor-element-populated\">\n\t\t\t\t\t\t<div class=\"elementor-element elementor-element-7e2a97a elementor-cta--skin-cover elementor-animated-content elementor-bg-transform elementor-bg-transform-zoom-in elementor-widget elementor-widget-call-to-action\" data-id=\"7e2a97a\" data-element_type=\"widget\" data-e-type=\"widget\" data-widget_type=\"call-to-action.default\">\n\t\t\t\t<div class=\"elementor-widget-container\">\n\t\t\t\t\t\t\t<div class=\"elementor-cta\">\n\t\t\t\t\t<div class=\"elementor-cta__bg-wrapper\">\n\t\t\t\t<div class=\"elementor-cta__bg elementor-bg\" style=\"background-image: url(http:\/\/31.217.193.156\/~hsolutio\/blog\/wp-content\/uploads\/2021\/12\/Modern_abstract_blue_transparent_crystal_pattern_background-1024x512.jpg);\" role=\"img\" aria-label=\"Modern_abstract_blue_transparent_crystal_pattern_background\"><\/div>\n\t\t\t\t<div class=\"elementor-cta__bg-overlay\"><\/div>\n\t\t\t<\/div>\n\t\t\t\t\t\t\t<div class=\"elementor-cta__content\">\n\t\t\t\t\n\t\t\t\t\t\t\t\t\t<h2 class=\"elementor-cta__title elementor-cta__content-item elementor-content-item elementor-animated-item--grow\">\n\t\t\t\t\t\tSmart Financial Closing\t\t\t\t\t<\/h2>\n\t\t\t\t\n\t\t\t\t\n\t\t\t\t\t\t\t\t\t<div class=\"elementor-cta__button-wrapper elementor-cta__content-item elementor-content-item elementor-animated-item--grow\">\n\t\t\t\t\t<a class=\"elementor-cta__button elementor-button elementor-size-\" href=\"http:\/\/31.217.193.156\/~hsolutio\/blog\/smart-financial-closing\/\">\n\t\t\t\t\t\tLUE LIS\u00c4\u00c4\t\t\t\t\t<\/a>\n\t\t\t\t\t<\/div>\n\t\t\t\t\t\t\t<\/div>\n\t\t\t\t\t\t<\/div>\n\t\t\t\t\t\t<\/div>\n\t\t\t\t<\/div>\n\t\t\t\t\t<\/div>\n\t\t<\/div>\n\t\t\t\t<div class=\"elementor-column elementor-col-33 elementor-top-column elementor-element elementor-element-83260e7\" data-id=\"83260e7\" data-element_type=\"column\" data-e-type=\"column\">\n\t\t\t<div class=\"elementor-widget-wrap elementor-element-populated\">\n\t\t\t\t\t\t<div class=\"elementor-element elementor-element-99f68a3 elementor-cta--skin-cover elementor-animated-content elementor-bg-transform elementor-bg-transform-zoom-in elementor-widget elementor-widget-call-to-action\" data-id=\"99f68a3\" data-element_type=\"widget\" data-e-type=\"widget\" data-widget_type=\"call-to-action.default\">\n\t\t\t\t<div class=\"elementor-widget-container\">\n\t\t\t\t\t\t\t<div class=\"elementor-cta\">\n\t\t\t\t\t<div class=\"elementor-cta__bg-wrapper\">\n\t\t\t\t<div class=\"elementor-cta__bg elementor-bg\" style=\"background-image: url(http:\/\/31.217.193.156\/~hsolutio\/blog\/wp-content\/uploads\/2021\/12\/Modern_abstract_blue_transparent_crystal_pattern_background-1024x512.jpg);\" role=\"img\" aria-label=\"Modern_abstract_blue_transparent_crystal_pattern_background\"><\/div>\n\t\t\t\t<div class=\"elementor-cta__bg-overlay\"><\/div>\n\t\t\t<\/div>\n\t\t\t\t\t\t\t<div class=\"elementor-cta__content\">\n\t\t\t\t\n\t\t\t\t\t\t\t\t\t<h2 class=\"elementor-cta__title elementor-cta__content-item elementor-content-item elementor-animated-item--grow\">\n\t\t\t\t\t\tSmart Regulation\t\t\t\t\t<\/h2>\n\t\t\t\t\n\t\t\t\t\n\t\t\t\t\t\t\t\t\t<div class=\"elementor-cta__button-wrapper elementor-cta__content-item elementor-content-item elementor-animated-item--grow\">\n\t\t\t\t\t<a class=\"elementor-cta__button elementor-button elementor-size-\" href=\"http:\/\/31.217.193.156\/~hsolutio\/blog\/smart-regulation\/\">\n\t\t\t\t\t\tLUE LIS\u00c4\u00c4\t\t\t\t\t<\/a>\n\t\t\t\t\t<\/div>\n\t\t\t\t\t\t\t<\/div>\n\t\t\t\t\t\t<\/div>\n\t\t\t\t\t\t<\/div>\n\t\t\t\t<\/div>\n\t\t\t\t\t<\/div>\n\t\t<\/div>\n\t\t\t\t\t<\/div>\n\t\t<\/section>\n\t\t\t\t<\/div>\n\t\t","protected":false},"excerpt":{"rendered":"<p>Smart Finance Tuotamme talouden ohjauksen pilvipalvelu ratkaisuiden Bizview ja CCH Tagetik k\u00e4ytt\u00f6\u00f6nottoprojektejasek\u00e4 jatkuvia yll\u00e4pito, tuki ja kehityspalveluja asiakkaidemme talous- ja liiketoiminta yksik\u00f6ille;&#8211; suunnitteluun ja budjetointiin (SMART PLANNING)&#8211; konsernilaskentaan ja kausitilinp\u00e4\u00e4t\u00f6ksen<\/p>\n<p class=\"more-link\"><a href=\"http:\/\/31.217.193.156\/~hsolutio\/blog\/smart-finance\/\" class=\"readmore\">Continue reading<span class=\"screen-reader-text\">Smart Finance<\/span><\/a><\/p>\n","protected":false},"author":13,"featured_media":0,"parent":0,"menu_order":0,"comment_status":"closed","ping_status":"closed","template":"elementor_header_footer","meta":{"_improvement_type_select":"improve_an_existing","_thumb_yes_seoaic":false,"_frame_yes_seoaic":false,"seoaic_generate_description":"","seoaic_improve_instructions_prompt":"","seoaic_rollback_content_improvement":"","seoaic_idea_thumbnail_generator":"","thumbnail_generated":false,"thumbnail_generate_prompt":"","seoaic_article_description":"","_monsterinsights_skip_tracking":false,"_monsterinsights_sitenote_active":false,"_monsterinsights_sitenote_note":"","_monsterinsights_sitenote_category":0,"footnotes":""},"class_list":["post-3951","page","type-page","status-publish","hentry"],"yoast_head":"<!-- This site is optimized with the Yoast SEO plugin v27.5 - https:\/\/yoast.com\/product\/yoast-seo-wordpress\/ -->\n<title>Smart Finance - HSolutions<\/title>\n<meta name=\"robots\" content=\"index, follow, max-snippet:-1, max-image-preview:large, max-video-preview:-1\" \/>\n<link rel=\"canonical\" href=\"http:\/\/31.217.193.156\/~hsolutio\/blog\/smart-finance\/\" \/>\n<meta property=\"og:locale\" content=\"fi_FI\" \/>\n<meta property=\"og:type\" content=\"article\" \/>\n<meta property=\"og:title\" content=\"Smart Finance - HSolutions\" \/>\n<meta property=\"og:description\" content=\"Smart Finance Tuotamme talouden ohjauksen pilvipalvelu ratkaisuiden Bizview ja CCH Tagetik k\u00e4ytt\u00f6\u00f6nottoprojektejasek\u00e4 jatkuvia yll\u00e4pito, tuki ja kehityspalveluja asiakkaidemme talous- ja liiketoiminta yksik\u00f6ille;&#8211; suunnitteluun ja budjetointiin (SMART PLANNING)&#8211; konsernilaskentaan ja kausitilinp\u00e4\u00e4t\u00f6ksenContinue readingSmart Finance\" \/>\n<meta property=\"og:url\" content=\"http:\/\/31.217.193.156\/~hsolutio\/blog\/smart-finance\/\" \/>\n<meta property=\"og:site_name\" content=\"HSolutions\" \/>\n<meta property=\"article:modified_time\" content=\"2022-03-11T13:44:08+00:00\" \/>\n<meta name=\"twitter:card\" content=\"summary_large_image\" \/>\n<meta name=\"twitter:label1\" content=\"Arvioitu lukuaika\" \/>\n\t<meta name=\"twitter:data1\" content=\"1 minuutti\" \/>\n<script type=\"application\/ld+json\" class=\"yoast-schema-graph\">{\"@context\":\"https:\\\/\\\/schema.org\",\"@graph\":[{\"@type\":\"WebPage\",\"@id\":\"http:\\\/\\\/31.217.193.156\\\/~hsolutio\\\/blog\\\/smart-finance\\\/\",\"url\":\"http:\\\/\\\/31.217.193.156\\\/~hsolutio\\\/blog\\\/smart-finance\\\/\",\"name\":\"Smart Finance - HSolutions\",\"isPartOf\":{\"@id\":\"http:\\\/\\\/31.217.193.156\\\/~hsolutio\\\/blog\\\/#website\"},\"datePublished\":\"2022-01-24T18:57:29+00:00\",\"dateModified\":\"2022-03-11T13:44:08+00:00\",\"breadcrumb\":{\"@id\":\"http:\\\/\\\/31.217.193.156\\\/~hsolutio\\\/blog\\\/smart-finance\\\/#breadcrumb\"},\"inLanguage\":\"fi\",\"potentialAction\":[{\"@type\":\"ReadAction\",\"target\":[\"http:\\\/\\\/31.217.193.156\\\/~hsolutio\\\/blog\\\/smart-finance\\\/\"]}]},{\"@type\":\"BreadcrumbList\",\"@id\":\"http:\\\/\\\/31.217.193.156\\\/~hsolutio\\\/blog\\\/smart-finance\\\/#breadcrumb\",\"itemListElement\":[{\"@type\":\"ListItem\",\"position\":1,\"name\":\"Home\",\"item\":\"http:\\\/\\\/31.217.193.156\\\/~hsolutio\\\/blog\\\/\"},{\"@type\":\"ListItem\",\"position\":2,\"name\":\"Smart Finance\"}]},{\"@type\":\"WebSite\",\"@id\":\"http:\\\/\\\/31.217.193.156\\\/~hsolutio\\\/blog\\\/#website\",\"url\":\"http:\\\/\\\/31.217.193.156\\\/~hsolutio\\\/blog\\\/\",\"name\":\"HSolutions\",\"description\":\"\",\"potentialAction\":[{\"@type\":\"SearchAction\",\"target\":{\"@type\":\"EntryPoint\",\"urlTemplate\":\"http:\\\/\\\/31.217.193.156\\\/~hsolutio\\\/blog\\\/?s={search_term_string}\"},\"query-input\":{\"@type\":\"PropertyValueSpecification\",\"valueRequired\":true,\"valueName\":\"search_term_string\"}}],\"inLanguage\":\"fi\"}]}<\/script>\n<!-- \/ Yoast SEO plugin. -->","yoast_head_json":{"title":"Smart Finance - HSolutions","robots":{"index":"index","follow":"follow","max-snippet":"max-snippet:-1","max-image-preview":"max-image-preview:large","max-video-preview":"max-video-preview:-1"},"canonical":"http:\/\/31.217.193.156\/~hsolutio\/blog\/smart-finance\/","og_locale":"fi_FI","og_type":"article","og_title":"Smart Finance - HSolutions","og_description":"Smart Finance Tuotamme talouden ohjauksen pilvipalvelu ratkaisuiden Bizview ja CCH Tagetik k\u00e4ytt\u00f6\u00f6nottoprojektejasek\u00e4 jatkuvia yll\u00e4pito, tuki ja kehityspalveluja asiakkaidemme talous- ja liiketoiminta yksik\u00f6ille;&#8211; suunnitteluun ja budjetointiin (SMART PLANNING)&#8211; konsernilaskentaan ja kausitilinp\u00e4\u00e4t\u00f6ksenContinue readingSmart Finance","og_url":"http:\/\/31.217.193.156\/~hsolutio\/blog\/smart-finance\/","og_site_name":"HSolutions","article_modified_time":"2022-03-11T13:44:08+00:00","twitter_card":"summary_large_image","twitter_misc":{"Arvioitu lukuaika":"1 minuutti"},"schema":{"@context":"https:\/\/schema.org","@graph":[{"@type":"WebPage","@id":"http:\/\/31.217.193.156\/~hsolutio\/blog\/smart-finance\/","url":"http:\/\/31.217.193.156\/~hsolutio\/blog\/smart-finance\/","name":"Smart Finance - HSolutions","isPartOf":{"@id":"http:\/\/31.217.193.156\/~hsolutio\/blog\/#website"},"datePublished":"2022-01-24T18:57:29+00:00","dateModified":"2022-03-11T13:44:08+00:00","breadcrumb":{"@id":"http:\/\/31.217.193.156\/~hsolutio\/blog\/smart-finance\/#breadcrumb"},"inLanguage":"fi","potentialAction":[{"@type":"ReadAction","target":["http:\/\/31.217.193.156\/~hsolutio\/blog\/smart-finance\/"]}]},{"@type":"BreadcrumbList","@id":"http:\/\/31.217.193.156\/~hsolutio\/blog\/smart-finance\/#breadcrumb","itemListElement":[{"@type":"ListItem","position":1,"name":"Home","item":"http:\/\/31.217.193.156\/~hsolutio\/blog\/"},{"@type":"ListItem","position":2,"name":"Smart Finance"}]},{"@type":"WebSite","@id":"http:\/\/31.217.193.156\/~hsolutio\/blog\/#website","url":"http:\/\/31.217.193.156\/~hsolutio\/blog\/","name":"HSolutions","description":"","potentialAction":[{"@type":"SearchAction","target":{"@type":"EntryPoint","urlTemplate":"http:\/\/31.217.193.156\/~hsolutio\/blog\/?s={search_term_string}"},"query-input":{"@type":"PropertyValueSpecification","valueRequired":true,"valueName":"search_term_string"}}],"inLanguage":"fi"}]}},"_links":{"self":[{"href":"http:\/\/31.217.193.156\/~hsolutio\/blog\/wp-json\/wp\/v2\/pages\/3951","targetHints":{"allow":["GET"]}}],"collection":[{"href":"http:\/\/31.217.193.156\/~hsolutio\/blog\/wp-json\/wp\/v2\/pages"}],"about":[{"href":"http:\/\/31.217.193.156\/~hsolutio\/blog\/wp-json\/wp\/v2\/types\/page"}],"author":[{"embeddable":true,"href":"http:\/\/31.217.193.156\/~hsolutio\/blog\/wp-json\/wp\/v2\/users\/13"}],"replies":[{"embeddable":true,"href":"http:\/\/31.217.193.156\/~hsolutio\/blog\/wp-json\/wp\/v2\/comments?post=3951"}],"version-history":[{"count":31,"href":"http:\/\/31.217.193.156\/~hsolutio\/blog\/wp-json\/wp\/v2\/pages\/3951\/revisions"}],"predecessor-version":[{"id":4254,"href":"http:\/\/31.217.193.156\/~hsolutio\/blog\/wp-json\/wp\/v2\/pages\/3951\/revisions\/4254"}],"wp:attachment":[{"href":"http:\/\/31.217.193.156\/~hsolutio\/blog\/wp-json\/wp\/v2\/media?parent=3951"}],"curies":[{"name":"wp","href":"https:\/\/api.w.org\/{rel}","templated":true}]}}